{"id":3148,"date":"2020-05-28T04:42:26","date_gmt":"2020-05-28T04:42:26","guid":{"rendered":"http:\/\/wpdemo.archiwp.com\/theratio\/?post_type=product&#038;p=3148"},"modified":"2026-02-26T13:38:18","modified_gmt":"2026-02-26T13:38:18","slug":"jamones-5j","status":"publish","type":"product","link":"https:\/\/xarcuteriapaqui.es\/index.php\/producto\/jamones-5j\/","title":{"rendered":"Jamones 5J"},"content":{"rendered":"<p>Los cerdos 100% ib\u00e9ricos son \u00fanicamente los que proceden de madre y padre de raza ib\u00e9rica.<br \/>\nEl etiquetaje negro avala el producto como 100% ib\u00e9rico de bellota y por lo tanto tambi\u00e9n es una garant\u00eda de excelencia y calidad.<br \/>\nS\u00f3lo los productos marcados con la etiqueta negra pueden ser llamados \u00abpata negra\u00bb.<\/p>\n","protected":false},"excerpt":{"rendered":"<p>Los cerdos 100% ib\u00e9ricos son \u00fanicamente los que proceden de madre y padre de raza ib\u00e9rica.<br \/>\nEl etiquetaje negro avala el producto como 100% ib\u00e9rico de bellota y por lo tanto tambi\u00e9n es una garant\u00eda de excelencia y calidad.<br \/>\nS\u00f3lo los productos marcados con la etiqueta negra pueden ser llamados \u00abpata negra\u00bb.<\/p>\n","protected":false},"featured_media":4071,"comment_status":"open","ping_status":"closed","template":"","meta":[],"product_brand":[],"product_cat":[62],"product_tag":[],"class_list":{"0":"post-3148","1":"product","2":"type-product","3":"status-publish","4":"has-post-thumbnail","6":"product_cat-jamones","8":"first","9":"instock","10":"taxable","11":"shipping-taxable","12":"purchasable","13":"product-type-simple"},"_links":{"self":[{"href":"https:\/\/xarcuteriapaqui.es\/index.php\/wp-json\/wp\/v2\/product\/3148","targetHints":{"allow":["GET"]}}],"collection":[{"href":"https:\/\/xarcuteriapaqui.es\/index.php\/wp-json\/wp\/v2\/product"}],"about":[{"href":"https:\/\/xarcuteriapaqui.es\/index.php\/wp-json\/wp\/v2\/types\/product"}],"replies":[{"embeddable":true,"href":"https:\/\/xarcuteriapaqui.es\/index.php\/wp-json\/wp\/v2\/comments?post=3148"}],"version-history":[{"count":0,"href":"https:\/\/xarcuteriapaqui.es\/index.php\/wp-json\/wp\/v2\/product\/3148\/revisions"}],"wp:featuredmedia":[{"embeddable":true,"href":"https:\/\/xarcuteriapaqui.es\/index.php\/wp-json\/"}],"wp:attachment":[{"href":"https:\/\/xarcuteriapaqui.es\/index.php\/wp-json\/wp\/v2\/media?parent=3148"}],"wp:term":[{"taxonomy":"product_brand","embeddable":true,"href":"https:\/\/xarcuteriapaqui.es\/index.php\/wp-json\/wp\/v2\/product_brand?post=3148"},{"taxonomy":"product_cat","embeddable":true,"href":"https:\/\/xarcuteriapaqui.es\/index.php\/wp-json\/wp\/v2\/product_cat?post=3148"},{"taxonomy":"product_tag","embeddable":true,"href":"https:\/\/xarcuteriapaqui.es\/index.php\/wp-json\/wp\/v2\/product_tag?post=3148"}],"curies":[{"name":"wp","href":"https:\/\/api.w.org\/{rel}","templated":true}]}}