{"id":3144,"date":"2026-02-24T08:55:55","date_gmt":"2026-02-24T08:55:55","guid":{"rendered":"http:\/\/wpdemo.archiwp.com\/theratio-sidenav\/?page_id=3144"},"modified":"2026-04-16T19:01:51","modified_gmt":"2026-04-16T19:01:51","slug":"quienes-somos","status":"publish","type":"page","link":"https:\/\/xarcuteriapaqui.es\/index.php\/quienes-somos\/","title":{"rendered":"Qui\u00e9nes Somos"},"content":{"rendered":"\t\t<div data-elementor-type=\"wp-page\" data-elementor-id=\"3144\" class=\"elementor elementor-3144\">\n\t\t\t\t<div class=\"elementor-element elementor-element-51d3ec9 e-flex e-con-boxed e-con e-parent\" data-id=\"51d3ec9\" data-element_type=\"container\" data-e-type=\"container\">\n\t\t\t\t\t<div class=\"e-con-inner\">\n\t\t\t\t<div class=\"elementor-element elementor-element-7a26de0 theratio-align-center elementor-widget elementor-widget-iheading\" data-id=\"7a26de0\" data-element_type=\"widget\" data-e-type=\"widget\" data-widget_type=\"iheading.default\">\n\t\t\t\t<div class=\"elementor-widget-container\">\n\t\t\t\t\t\t\t<div class=\"ot-heading is-dots\">\r\n\t        <span>[ LA ESENCIA DEL AUT\u00c9NTICO SABOR ]<\/span>\t        <h1 class=\"main-heading\">TIENDA DE ALIMENTOS DESDE 1980<\/h1>\t    <\/div>\r\n\t    \t\t\t\t<\/div>\n\t\t\t\t<\/div>\n\t\t\t\t\t<\/div>\n\t\t\t\t<\/div>\n\t\t<div class=\"elementor-element elementor-element-f2a5ec8 e-flex e-con-boxed e-con e-parent\" data-id=\"f2a5ec8\" data-element_type=\"container\" data-e-type=\"container\">\n\t\t\t\t\t<div class=\"e-con-inner\">\n\t\t\t\t<div class=\"elementor-element elementor-element-8c8f635 elementor-widget elementor-widget-spacer\" data-id=\"8c8f635\" data-element_type=\"widget\" data-e-type=\"widget\" data-widget_type=\"spacer.default\">\n\t\t\t\t\t\t\t<div class=\"elementor-spacer\">\n\t\t\t<div class=\"elementor-spacer-inner\"><\/div>\n\t\t<\/div>\n\t\t\t\t\t\t<\/div>\n\t\t\t\t\t<\/div>\n\t\t\t\t<\/div>\n\t\t<div class=\"elementor-element elementor-element-40c94fa e-grid e-con-boxed e-con e-parent\" data-id=\"40c94fa\" data-element_type=\"container\" data-e-type=\"container\" data-settings=\"{&quot;background_background&quot;:&quot;classic&quot;}\">\n\t\t\t\t\t<div class=\"e-con-inner\">\n\t\t\t\t<div class=\"elementor-element elementor-element-8174fca elementor-widget elementor-widget-imagecategory\" data-id=\"8174fca\" data-element_type=\"widget\" data-e-type=\"widget\" data-widget_type=\"imagecategory.default\">\n\t\t\t\t<div class=\"elementor-widget-container\">\n\t\t\t\t\t\t\t<div class=\"cate-lines\">\r\n\t\t\t<div class=\"cate-item\">\r\n\t\t\t\t\t\t\t\t<img fetchpriority=\"high\" decoding=\"async\" width=\"1920\" height=\"950\" src=\"https:\/\/xarcuteriapaqui.es\/wp-content\/uploads\/2026\/02\/quesos-1.jpg\" class=\"attachment-full size-full wp-image-5650\" alt=\"\" srcset=\"https:\/\/xarcuteriapaqui.es\/wp-content\/uploads\/2026\/02\/quesos-1.jpg 1920w, https:\/\/xarcuteriapaqui.es\/wp-content\/uploads\/2026\/02\/quesos-1-435x215.jpg 435w, https:\/\/xarcuteriapaqui.es\/wp-content\/uploads\/2026\/02\/quesos-1-720x356.jpg 720w, https:\/\/xarcuteriapaqui.es\/wp-content\/uploads\/2026\/02\/quesos-1-300x148.jpg 300w, https:\/\/xarcuteriapaqui.es\/wp-content\/uploads\/2026\/02\/quesos-1-1024x507.jpg 1024w, https:\/\/xarcuteriapaqui.es\/wp-content\/uploads\/2026\/02\/quesos-1-768x380.jpg 768w, https:\/\/xarcuteriapaqui.es\/wp-content\/uploads\/2026\/02\/quesos-1-1536x760.jpg 1536w\" sizes=\"(max-width: 1920px) 100vw, 1920px\" \/>\t\t\t\t\t\t        <div class=\"cate-item_content\">\r\n\t\t\t        \t\t\t        \t<h2>Espacio Gastron\u00f3mico<span class=\"number-stroke\">01<\/span><\/h2>\r\n\t\t\t        \t\t\t\t<\/div>\r\n\t\t\t<\/div>\r\n\t    <\/div>\r\n\t    \t\t\t\t<\/div>\n\t\t\t\t<\/div>\n\t\t<div class=\"elementor-element elementor-element-599e5a8 e-grid e-con-full e-con e-child\" data-id=\"599e5a8\" data-element_type=\"container\" data-e-type=\"container\">\n\t\t\t\t<div class=\"elementor-element elementor-element-62800cf theratio-align-center elementor-widget__width-initial elementor-widget elementor-widget-iheading\" data-id=\"62800cf\" data-element_type=\"widget\" data-e-type=\"widget\" data-widget_type=\"iheading.default\">\n\t\t\t\t<div class=\"elementor-widget-container\">\n\t\t\t\t\t\t\t<div class=\"ot-heading is-dots\">\r\n\t        <span>[ ESPACIO GASTRON\u00d3MICO ]<\/span>\t        <h2 class=\"main-heading\">SOMOS UNA REFERENCIA GOURMET<\/h2>\t    <\/div>\r\n\t    \t\t\t\t<\/div>\n\t\t\t\t<\/div>\n\t\t\t\t<div class=\"elementor-element elementor-element-612b0f6 elementor-widget elementor-widget-text-editor\" data-id=\"612b0f6\" data-element_type=\"widget\" data-e-type=\"widget\" data-widget_type=\"text-editor.default\">\n\t\t\t\t\t\t\t\t\t<p data-start=\"132\" data-end=\"469\">En lo que al producto gourmet se refiere, la Xarcuteria Selecta Paqui, es sin\u00f3nimo de tradici\u00f3n, calidad y pasi\u00f3n por lo aut\u00e9ntico. \u00a0Nacida como una peque\u00f1a charcuter\u00eda en el <span class=\"hover:entity-accent entity-underline inline cursor-pointer align-baseline\"><span class=\"whitespace-normal\">Mercado del Caba\u00f1al<\/span><\/span> de <span class=\"hover:entity-accent entity-underline inline cursor-pointer align-baseline\"><span class=\"whitespace-normal\">Valencia en los a\u00f1os 80<\/span><\/span>, se ha convertido en un referente para los amantes de la buena gastronom\u00eda.<\/p><p data-start=\"471\" data-end=\"756\">Nuestro compromiso ha sido claro desde el principio: huir del producto industrial y apostar por elaboraciones artesanales de m\u00e1xima calidad. \u00a0Seleccionamos personalmente cada producto, buscando a los mejores productores y respetando siempre la tradici\u00f3n, el origen y el sabor aut\u00e9ntico.<\/p><p data-start=\"758\" data-end=\"961\">Hoy, seguimos trabajando con la misma ilusi\u00f3n que al principio, ofreciendo a nuestros clientes una cuidada selecci\u00f3n gourmet que refleja nuestra esencia: excelencia, cercan\u00eda y amor por el buen producto.<\/p>\t\t\t\t\t\t\t\t<\/div>\n\t\t\t\t<\/div>\n\t\t\t\t\t<\/div>\n\t\t\t\t<\/div>\n\t\t<div class=\"elementor-element elementor-element-4157d3d e-grid e-con-boxed e-con e-parent\" data-id=\"4157d3d\" data-element_type=\"container\" data-e-type=\"container\" data-settings=\"{&quot;background_background&quot;:&quot;classic&quot;}\">\n\t\t\t\t\t<div class=\"e-con-inner\">\n\t\t<div class=\"elementor-element elementor-element-756adff e-grid e-con-full e-con e-child\" data-id=\"756adff\" data-element_type=\"container\" data-e-type=\"container\">\n\t\t\t\t<div class=\"elementor-element elementor-element-3c6fa9a theratio-align-center elementor-widget__width-initial elementor-widget elementor-widget-iheading\" data-id=\"3c6fa9a\" data-element_type=\"widget\" data-e-type=\"widget\" data-widget_type=\"iheading.default\">\n\t\t\t\t<div class=\"elementor-widget-container\">\n\t\t\t\t\t\t\t<div class=\"ot-heading is-dots\">\r\n\t        <span>[ ATENCI\u00d3N AL CLIENTE]<\/span>\t        <h2 class=\"main-heading\">SOTISFICACI\u00d3N Y CALIDAD<\/h2>\t    <\/div>\r\n\t    \t\t\t\t<\/div>\n\t\t\t\t<\/div>\n\t\t\t\t<div class=\"elementor-element elementor-element-c3ffc2f elementor-widget elementor-widget-text-editor\" data-id=\"c3ffc2f\" data-element_type=\"widget\" data-e-type=\"widget\" data-widget_type=\"text-editor.default\">\n\t\t\t\t\t\t\t\t\t<p data-start=\"0\" data-end=\"308\">Una imagen orientada al cliente que nos distingue y transmite el car\u00e1cter \u00fanico de Xarcuteria Selecta Paqui, reflejando la sofisticaci\u00f3n y la calidad que definen cada uno de nuestros productos. \u00a0Porque entendemos que la excelencia no solo debe sentirse al degustarse, sino tambi\u00e9n percibirse en cada detalle.<\/p><p data-start=\"310\" data-end=\"553\">Por ello, creamos elegantes cajas de regalo para ocasiones especiales, hasta aut\u00e9nticas experiencias olfato-gustativas, pensadas para sorprender a los sentidos y convertir cada momento en algo memorable.<\/p>\t\t\t\t\t\t\t\t<\/div>\n\t\t\t\t<\/div>\n\t\t\t\t<div class=\"elementor-element elementor-element-5247051 elementor-widget elementor-widget-imagecategory\" data-id=\"5247051\" data-element_type=\"widget\" data-e-type=\"widget\" data-widget_type=\"imagecategory.default\">\n\t\t\t\t<div class=\"elementor-widget-container\">\n\t\t\t\t\t\t\t<div class=\"cate-lines\">\r\n\t\t\t<div class=\"cate-item\">\r\n\t\t\t\t\t\t\t\t<img decoding=\"async\" width=\"1920\" height=\"950\" src=\"https:\/\/xarcuteriapaqui.es\/wp-content\/uploads\/2026\/02\/Productos_Gourmet.png\" class=\"attachment-full size-full wp-image-6138\" alt=\"\" srcset=\"https:\/\/xarcuteriapaqui.es\/wp-content\/uploads\/2026\/02\/Productos_Gourmet.png 1920w, https:\/\/xarcuteriapaqui.es\/wp-content\/uploads\/2026\/02\/Productos_Gourmet-435x215.png 435w, https:\/\/xarcuteriapaqui.es\/wp-content\/uploads\/2026\/02\/Productos_Gourmet-720x356.png 720w, https:\/\/xarcuteriapaqui.es\/wp-content\/uploads\/2026\/02\/Productos_Gourmet-300x148.png 300w, https:\/\/xarcuteriapaqui.es\/wp-content\/uploads\/2026\/02\/Productos_Gourmet-1024x507.png 1024w, https:\/\/xarcuteriapaqui.es\/wp-content\/uploads\/2026\/02\/Productos_Gourmet-768x380.png 768w, https:\/\/xarcuteriapaqui.es\/wp-content\/uploads\/2026\/02\/Productos_Gourmet-1536x760.png 1536w\" sizes=\"(max-width: 1920px) 100vw, 1920px\" \/>\t\t\t\t\t\t        <div class=\"cate-item_content\">\r\n\t\t\t        \t\t\t        \t<h2>Atenci\u00f3n al Cliente<span class=\"number-stroke\">02<\/span><\/h2>\r\n\t\t\t        \t\t\t\t<\/div>\r\n\t\t\t<\/div>\r\n\t    <\/div>\r\n\t    \t\t\t\t<\/div>\n\t\t\t\t<\/div>\n\t\t\t\t\t<\/div>\n\t\t\t\t<\/div>\n\t\t\t\t<section class=\"elementor-section elementor-top-section elementor-element elementor-element-a630bb3 elementor-section-content-middle has-lines-vertical elementor-section-boxed elementor-section-height-default elementor-section-height-default no-lines-vertical-center\" data-id=\"a630bb3\" data-element_type=\"section\" data-e-type=\"section\" data-settings=\"{&quot;background_background&quot;:&quot;classic&quot;}\">\n\t\t\t\t\t\t<div class=\"elementor-container elementor-column-gap-extended\">\n\t\t\t\t\t<div class=\"elementor-column elementor-col-100 elementor-top-column elementor-element elementor-element-c1898a9 ot-flex-column-vertical\" data-id=\"c1898a9\" data-element_type=\"column\" data-e-type=\"column\">\n\t\t\t<div class=\"elementor-widget-wrap\">\n\t\t\t\t\t\t\t<\/div>\n\t\t<\/div>\n\t\t\t\t\t<\/div>\n\t\t<\/section>\n\t\t\t\t<\/div>\n\t\t","protected":false},"excerpt":{"rendered":"<p>[ LA ESENCIA DEL AUT\u00c9NTICO SABOR ] TIENDA DE ALIMENTOS DESDE 1980 Espacio Gastron\u00f3mico01 [ ESPACIO GASTRON\u00d3MICO ] SOMOS UNA REFERENCIA GOURMET En lo que al producto gourmet se refiere, la Xarcuteria Selecta Paqui, es sin\u00f3nimo de tradici\u00f3n, calidad y pasi\u00f3n por lo aut\u00e9ntico. \u00a0Nacida como una peque\u00f1a charcuter\u00eda en el Mercado del Caba\u00f1al de [&hellip;]<\/p>\n","protected":false},"author":1,"featured_media":0,"parent":0,"menu_order":0,"comment_status":"closed","ping_status":"closed","template":"","meta":{"footnotes":""},"class_list":["post-3144","page","type-page","status-publish","hentry"],"_links":{"self":[{"href":"https:\/\/xarcuteriapaqui.es\/index.php\/wp-json\/wp\/v2\/pages\/3144","targetHints":{"allow":["GET"]}}],"collection":[{"href":"https:\/\/xarcuteriapaqui.es\/index.php\/wp-json\/wp\/v2\/pages"}],"about":[{"href":"https:\/\/xarcuteriapaqui.es\/index.php\/wp-json\/wp\/v2\/types\/page"}],"author":[{"embeddable":true,"href":"https:\/\/xarcuteriapaqui.es\/index.php\/wp-json\/wp\/v2\/users\/1"}],"replies":[{"embeddable":true,"href":"https:\/\/xarcuteriapaqui.es\/index.php\/wp-json\/wp\/v2\/comments?post=3144"}],"version-history":[{"count":28,"href":"https:\/\/xarcuteriapaqui.es\/index.php\/wp-json\/wp\/v2\/pages\/3144\/revisions"}],"predecessor-version":[{"id":6557,"href":"https:\/\/xarcuteriapaqui.es\/index.php\/wp-json\/wp\/v2\/pages\/3144\/revisions\/6557"}],"wp:attachment":[{"href":"https:\/\/xarcuteriapaqui.es\/index.php\/wp-json\/wp\/v2\/media?parent=3144"}],"curies":[{"name":"wp","href":"https:\/\/api.w.org\/{rel}","templated":true}]}}